69 and 1219.
23
Calculate the highest common factor of 68 and 51.
17
What is the highest common divisor of 60 and 5052?
12
What is the greatest common divisor of 1 and 547?
1
Calculate the highest common factor of 255 and 75.
15
What is the highest common factor of 87 and 145?
29
What is the highest common factor of 35 and 6335?
35
Calculate the highest common factor of 9 and 1557.
9
Calculate the highest common divisor of 140 and 3710.
70
What is the highest common factor of 217 and 1631?
7
What is the greatest common factor of 427 and 7?
7
Calculate the highest common divisor of 3 and 53.
1
What is the greatest common factor of 468 and 1584?
36
What is the greatest common divisor of 75 and 25?
25
Calculate the highest common divisor of 356 and 20.
4
What is the highest common divisor of 160 and 740?
20
Calculate the greatest common factor of 418 and 76.
38
Calculate the greatest common factor of 5190 and 10.
10
Calculate the highest common factor of 506 and 6831.
253
Calculate the highest common divisor of 4551 and 15.
3
What is the greatest common factor of 110 and 1595?
55
Calculate the greatest common factor of 289 and 1666.
17
Calculate the greatest common factor of 2852 and 161.
23
What is the greatest common factor of 2717 and 11?
11
What is the greatest common factor of 77 and 176?
11
What is the greatest common divisor of 1280 and 40?
40
Calculate the highest common factor of 78 and 4576.
26
Calculate the greatest common divisor of 4 and 460.
4
Calculate the highest common divisor of 8730 and 90.
90
Calculate the greatest common factor of 7221 and 174.
87
Calculate the greatest common divisor of 1482 and 78.
78
What is the greatest common factor of 43 and 559?
43
Calculate the greatest common factor of 512 and 320.
64
Calculate the highest common divisor of 17 and 119.
17
Calculate the greatest common factor of 660 and 7524.
132
Calculate the greatest common divisor of 144 and 26928.
144
Calculate the highest common divisor of 136 and 119.
17
Calculate the greatest common divisor of 144 and 486.
18
What is the highest common factor of 256 and 41728?
256
Calculate the highest common divisor of 20 and 6.
2
What is the greatest common divisor of 3584 and 224?
224
Calculate the greatest common factor of 15 and 375.
15
What is the greatest common factor of 88 and 1628?
44
What is the highest common divisor of 452 and 113?
113
Calculate the greatest common factor of 196 and 126.
14
Calculate the greatest common factor of 935 and 170.
85
What is the greatest common divisor of 17201 and 103?
103
Calculate the highest common divisor of 1386 and 238.
14
What is the greatest common factor of 94 and 376?
94
What is the greatest common divisor of 820 and 20?
20
What is the greatest common divisor of 248 and 16?
8
Calculate the greatest common divisor of 9762 and 12.
6
What is the greatest common divisor of 28 and 1918?
14
Calculate the greatest common factor of 544 and 102.
34
Calculate the highest common divisor of 2436 and 252.
84
Calculate the greatest common factor of 786 and 6.
6
Calculate the highest common divisor of 10 and 155.
5
What is the highest common factor of 5 and 115?
5
Calculate the greatest common factor of 4556 and 68.
68
Calculate the highest common factor of 11304 and 96.
24
What is the greatest common factor of 852 and 12?
12
What is the greatest common factor of 25 and 5250?
25
Calculate the highest common factor of 18 and 6597.
9
What is the highest common divisor of 9 and 7299?
9
Calculate the highest common factor of 1144 and 132.
44
What is the highest common factor of 9 and 48?
3
Calculate the greatest common divisor of 136 and 688.
8
Calculate the highest common divisor of 2662 and 3872.
242
Calculate the greatest common divisor of 376 and 1175.
47
Calculate the greatest common divisor of 39 and 1911.
39
What is the highest common divisor of 11 and 649?
11
Calculate the greatest common factor of 894 and 6.
6
What is the greatest common divisor of 8045 and 50?
5
Calculate the highest common factor of 2072 and 112.
56
What is the highest common divisor of 72 and 54?
18
What is the highest common factor of 324 and 24?
12
What is the highest common factor of 1219 and 23?
23
Calculate the greatest common divisor of 5430 and 510.
30
Calculate the greatest common factor of 220 and 4.
4
What is the highest common factor of 7930 and 65?
65
Calculate the highest common factor of 6 and 294.
6
Calculate the highest common factor of 5 and 19155.
5
Calculate the highest common divisor of 792 and 108.
36
What is the greatest common factor of 49599 and 9?
9
What is the greatest common divisor of 476 and 301?
7
What is the greatest common divisor of 24 and 1264?
8
Calculate the greatest common factor of 55 and 22055.
55
What is the highest common divisor of 147 and 637?
49
Calculate the greatest common divisor of 12 and 208.
4
Calculate the highest common factor of 46 and 46.
46
Calculate the highest common factor of 256 and 2.
2
What is the highest common divisor of 60 and 15?
15
What is the greatest common divisor of 140 and 238?
14
Calculate the greatest common divisor of 38075 and 25.
25
Calculate the greatest common divisor of 46 and 1058.
46
Calculate the greatest common factor of 44 and 143.
11
What is the greatest common divisor of 92 and 92?
92
What is the highest common divisor of 208 and 117?
13
Calculate the highest common divisor of 45 and 2955.
15
What is the highest common factor of 854 and 98?
14
Calculate the highest common factor of 10 and 7500.
10
Calculate the greatest common factor of 90 and 18.
18
Calculate the greatest common factor of 16990 and 10.
10
What is the highest common divisor of 564 and 12?
12
Calculate the greatest common divisor of 1751 and 323.
17
What is the greatest common factor of 64 and 116?
4
Calculate the highest common divisor of 90 and 2790.
90
What is the highest common divisor of 1 and 37?
1
Calculate the greatest common divisor of 756 and 594.
54
Calculate the highest common divisor of 52283 and 11.
11
What is the highest common factor of 9 and 47673?
9
Calculate the highest common divisor of 189 and 621.
27
What is the highest common divisor of 77 and 140?
7
Calculate the greatest common divisor of 4270 and 20.
10
Calculate the highest common factor of 1620 and 20.
20
What is the greatest common factor of 8 and 24?
8
Calculate the highest common factor of 18358 and 134.
134
Calculate the highest common divisor of 35 and 56.
7
What is the greatest common factor of 163 and 7009?
163
What is the greatest common factor of 12 and 252?
12
Calculate the greatest common divisor of 3475 and 100.
25
Calculate the highest common divisor of 88 and 8.
8
Calculate the highest common divisor of 6 and 726.
6
What is the greatest common factor of 4 and 1084?
4
Calculate the greatest common factor of 70 and 42.
14
What is the highest common factor of 6 and 18246?
6
Calculate the greatest common factor of 48 and 132.
12
Calculate the greatest common factor of 669 and 1561.
223
What is the highest common factor of 42084 and 334?
334
What is the highest common factor of 162 and 2?
2
Calculate the greatest common divisor of 273 and 147.
21
What is the highest common divisor of 594 and 44?
22
Calculate the highest common factor of 42 and 2506.
14
Calculate the highest common factor of 14580 and 180.
180
Calculate the greatest common divisor of 111 and 5513.
37
What is the highest common divisor of 65 and 533?
13
What is the highest common divisor of 4652 and 24?
4
What is the highest common divisor of 49 and 441?
49
Calculate the greatest common factor of 1484 and 140.
28
What is the highest common factor of 168 and 81?
3
Calculate the highest common divisor of 158 and 395.
79
Calculate the highest common factor of 5 and 355.
5
Calculate the highest common factor of 10918 and 212.
106
Calculate the highest common divisor of 189 and 108.
27
Calculate the greatest common factor of 189 and 81.
27
Calculate the greatest common factor of 240 and 160.
80
What is the greatest common factor of 123 and 3?
3
Calculate the greatest common divisor of 938 and 14.
14
Calculate the greatest common factor of 7613 and 23.
23
What is the highest common factor of 931 and 1824?
19
Calculate the highest common divisor of 1